 - 169. What is s(-19)?
40
Let b(u) = -2*u**3 + 44*u**2 + 161*u - 18. Calculate b(25).
257
Let l(h) = -h**3 - 12*h**2 - 34*h - 34. Determine l(-8).
-18
Let p(d) = d**3 + 34*d**2 - d - 24. Give p(-34).
10
Let u(m) = m**3 + 15*m**2 - 25*m - 454. Calculate u(-15).
-79
Let l(p) = -4*p**2 + 198*p + 410. Calculate l(-2).
-2
Let i(d) = -39*d + 801. Calculate i(34).
-525
Let k(y) = 18*y**2 - 51*y + 1. Determine k(1).
-32
Let o(w) = w**3 + 274*w**2 - 1963*w + 1120. Calculate o(-281).
-4
Let l(t) = 9*t**2 - 65*t - 715. Calculate l(-6).
-1
Let r(h) = -42*h**2 - 16*h + 18. Give r(1).
-40
Let m(y) = 9*y**2 - 84*y - 46. What is m(11)?
119
Let y(v) = -50*v**2 - 405*v + 4. Calculate y(-8).
44
Let a(d) = -711*d**2 + 2839*d - 4. Determine a(4).
-24
Let n(k) = k**3 + 88*k**2 - 2*k - 164. What is n(-88)?
12
Let v(b) = 2*b**3 + 22*b**2 + 14*b + 7. Give v(-10).
67
Let k(s) = -468*s - 7962. Calculate k(-17).
-6
Let n(p) = 1937*p + 3861. Give n(-2).
-13
Let x(r) = -3*r**2 + 60*r - 142. Determine x(16).
50
Let c(f) = f**2 + 135*f + 4325. Calculate c(-84).
41
Let c(a) = -a**3 - 74*a**2 + 152*a + 5772. Give c(-75).
-3
Let o(u) = u**3 - 28*u**2 + 134*u - 11. What is o(6)?
1
Let t(o) = -5*o**2 + 40*o + 200. Determine t(-5).
-125
Let w(l) = -78*l**2 - 94*l - 274. Give w(-3).
-694
Let p(o) = -2*o**2 - 179*o + 4359. What is p(20)?
-21
Let d(x) = 2*x + 3. What is d(-11)?
-19
Let o(p) = -p**3 - 20*p**2 + 47*p + 146. Calculate o(-22).
80
Let p(y) = -y**3 - 10*y**2 + 8*y + 65. Give p(-10).
-15
Let j(k) = 1362*k + 7. Determine j(0).
7
Let p(s) = -926*s + 5565. Calculate p(6).
9
Let m(s) = -232*s - 5006. What is m(-21)?
-134
Let n(u) = -15*u**3 - 78*u**2 - 23*u - 15. Give n(-6).
555
Let v(r) = -22*r**2 + 84*r + 9. What is v(5)?
-121
Let q(g) = g**3 + 31*g**2 + 29*g - 56. Determine q(-30).
-26
Let i(d) = -2*d**2 - 133*d + 2351. What is i(-81)?
2
Let s(g) = -91*g - 10376. Determine s(-114).
-2
Let j(f) = f**2 + 36*f + 256. What is j(-23)?
-43
Let x(w) = -6*w + 161. Determine x(48).
-127
Let v(q) = -5*q**3 + q**2 + 7*q - 67. Give v(0).
-67
Let f(i) = -227*i - 898. What is f(-4)?
10
Let j(w) = -120*w + 1317. What is j(11)?
-3
Let h(q) = -2934*q - 2949. Give h(-1).
-15
Let w(k) = -19*k**2 - 68*k + 103. Calculate w(-8).
-569
Let q(y) = -15*y**2 - 4*y - 6. What is q(-4)?
-230
Let y(k) = k**3 + 27*k**2 - 6*k - 121. Determine y(-27).
41
Let c(f) = -14*f + 279. What is c(20)?
-1
Let r(o) = 16*o**2 + 6*o - 51. Calculate r(-7).
691
Let v(c) = 232*c + 1184. What is v(-5)?
24
Let c(m) = 9*m**2 - 10*m + 8. Calculate c(9).
647
Let q(o) = -2*o**3 + 121*o**2 - 1267*o - 24. Determine q(47).
70
Let s(z) = -63*z + 1389. Give s(27).
-312
Let k(s) = 42*s + 3113. Calculate k(-74).
5
Let z(d) = 18*d**3 + 24*d**2 - 30*d + 5. Give z(1).
17
Let b(p) = -p**3 + 33*p**2 - 274*p + 30. What is b(15)?
-30
Let z(c) = -3*c**2 - 16*c - 22. Give z(-3).
-1
Let y(j) = 36*j - 225. Give y(7).
27
Let w(c) = -901*c - 3310. Give w(-4).
294
Let v(t) = t**3 + 88*t**2 + 269*t + 1182. Calculate v(-85).
-8
Let g(o) = 5*o**2 - 15*o - 119. Calculate g(-8).
321
Let s(x) = 179*x - 195. Determine s(1).
-16
Let g(p) = 3*p**2 + 97*p + 1077. What is g(-11)?
373
Let m(f) = -5*f**2 - 52*f + 570. Determine m(-17).
9
Let g(f) = -21*f**3 + 2*f**2 - f - 438. Calculate g(0).
-438
Let c(t) = 27*t + 20. What is c(-3)?
-61
Let h(y) = 5*y**3 - 50*y**2 - 5*y + 33. Give h(10).
-17
Let t(q) = 68*q + 252. Determine t(-3).
48
Let v(j) = 3*j**2 + 52*j + 8. Determine v(-17).
-9
Let c(x) = -x**3 + 2*x**2 + 4*x + 11. What is c(0)?
11
Let q(k) = 5*k**3 + 2*k**2 - 83*k + 79. What is q(1)?
3
Let z(y) = -y**3 + 9*y**2 - 12*y + 2. Give z(2).
6
Let j(w) = w**2 - 31*w + 107. Determine j(24).
-61
Let h(j) = 24*j**2 + 31*j + 5. Calculate h(-1).
-2
Let m(c) = -847*c + 14450. Calculate m(17).
51
Let f(d) = 39*d - 40. Calculate f(0).
-40
Let j(f) = -2*f**3 - 163*f**2 + 90*f + 646. Determine j(-82).
-10
Let a(o) = -26*o + 93. Give a(3).
15
Let f(o) = o**3 + 11*o**2 - 15*o - 57. What is f(-11)?
108
Let z(h) = -h**3 - 10*h**2 + 6. What is z(0)?
6
Let j(l) = -18245*l - 91214. Calculate j(-5).
11
Let j(a) = -3*a**2 - 20*a + 76. What is j(-9)?
13
Let k(h) = h**2 + 54*h - 587. Calculate k(-60).
-227
Let w(r) = 4*r**2 + 152*r + 146. Determine w(-1).
-2
Let o(x) = -x**2 + 21*x + 387. What is o(33)?
-9
Let h(m) = -3*m + 172. What is h(-6)?
190
Let h(s) = 5*s**3 + 2*s**2 + 12*s - 15. What is h(4)?
385
Let o(p) = -74*p**2 + 595*p - 14. What is o(8)?
10
Let c(w) = w**3 - 44*w**2 - 50*w + 246. Determine c(45).
21
Let q(f) = 25*f**2 + 176*f + 167. What is q(-6)?
11
Let w(f) = 16*f**3 + 8*f**2 - 15*f + 1. What is w(2)?
131
Let o(f) = -2*f**2 - 72*f - 1337. Determine o(-15).
-707
Let f(u) = -2*u**3 + 19*u**2 - 3*u - 17. Determine f(10).
-147
Let m(b) = b**2 - 73*b - 74. Determine m(74).
0
Let u(a) = 33*a + 309. Calculate u(-8).
45
Let y(f) = f**3 - 13*f**2 - 20*f + 525. Calculate y(9).
21
Let k(p) = -28*p - 303. Calculate k(-20).
257
Let q(n) = 62*n - 275. Calculate q(5).
35
Let b(d) = 131*d + 53. Determine b(-4).
-471
Let j(n) = 2484*n - 49675. Calculate j(20).
5
Let w(k) = 19*k**2 - 509*k - 51. Determine w(27).
57
Let f(d) = -50*d + 269. What is f(6)?
-31
Let g(k) = -39*k - 517. What is g(-14)?
29
Let y(b) = -150*b + 51. What is y(-4)?
651
Let x(u) = -2*u**3 - u**2 - 23. Calculate x(0).
-23
Let m(a) = -10*a**2 + 34*a - 188. Determine m(7).
-440
Let w(y) = y**2 - 14*y - 7535. Determine w(-80).
-15
Let x(p) = p**3 + 11*p**2 + 13*p - 82. Give x(-12).
-382
Let u(l) = 11*l + 155. Give u(-12).
23
Let x(o) = o**2 - 48*o + 234. Determine x(5).
19
Let f(s) = -s**2 + 222*s + 31792. What is f(321)?
13
Let f(t) = 9*t - 135. Give f(29).
126
Let y(o) = 7*o**3 + 28*o**2 - 2*o - 10. What is y(-4)?
-2
Let v(s) = s**2 + 4*s - 325. Calculate v(-20).
-5
Let c(x) = -x**3 - 16*x**2 - 12*x + 48. Give c(-15).
3
Let v(d) = -144*d + 2237. Determine v(16).
-67
Let i(k) = 2*k**2 + 101*k - 306. Give i(-58).
564
Let l(y) = -2*y**3 - 2*y**2 + 705*y + 1411. What is l(-2)?
9
Let d(n) = -2*n**3 + 19*n**2 + 9*n - 161. Give d(9).
1
Let p(d) = -d**3 - 102*d**2 + 535*d - 2. Determine p(-107).
-2
Let y(c) = 5*c**2 + 4*c + 1. Give y(-2).
13
Let l(g) = -g**2 + 48*g - 308. Determine l(40).
12
Let t(d) = 42*d**3 + 294*d**2 + 3*d + 5. Give t(-7).
-16
Let i(y) = -y**3 + 11*y**2 - 12*y - 11. Calculate i(5).
79
Let n(b) = 26*b**2 + 11*b - 64. Give n(4).
396
Let b(v) = 33*v - 50. What is b(2)?
16
Let k(d) = 2*d**2 - 336*d + 5706. Calculate k(149).
44
Let t(m) = -m**2 - 235*m + 9764. Determine t(36).
8
Let v(g) = -4*g**2 - 68*g - 36. Give v(-18).
-108
Let h(f) = -f**3 + 29*f**2 - 9. Calculate h(29).
-9
Let r(w) = 2*w**3 + 44*w**2 + 155*w - 22. What is r(-18)?
-220
Let b(g) = 2*g**2 + 235*g + 1431. What is b(-111)?
-12
Let y(u) = 45*u - 122. Calculate y(3).
13
Let t(w) = -3*w**2 + 224*w - 1433. Calculate t(7).
-12
Let v(q) = -15*q + 577. Calculate v(38).
7
Let a(t) = -2*t**3 + 27*t**2 - 15*t - 1. Determine a(13).
-27
Let h(t) = -129*t**2 - 3741*t - 12. What is h(-29)?
-12
Let b(q) = -125*q + 102. Determine b(1).
-23
Let r(y) = -377*y + 17351. Determine r(46).
9
Let y(l) = 3*l**2 + 3*l - 35. Calculate y(7).
133
Let r(l) = l**2 - 855*l - 90246. What is r(-95)?
4
Let l(z) = -z**3 + 21*z**2 + 23*z - 81. Calculate l(22).
-59
Let s(d) = d**2 - 791*d - 3989. Determine s(-5).
-9
Let j(s) = 2*s**2 + 161*s + 2750. Calculate j(-56).
6
Let r(g) = -2*g**2 - 155*g - 1406. Calculate r(-67).
1
Let m(y) = 2*y**2 + 37*y + 67. Calculate m(-17).
16
Let g(z) = z**3 + 26*z**2 - 53*z - 71. What is g(-28)?
-155
Let a(n) = -58*n - 287. Determine a(-5).
3
Let j(l) = l**3 + 32*l**2 + 111*l + 46. Give j(-29).
-650
Let o(t) = -94*t - 667. Give o(-7).
-9
Let c(z) = -403*z - 11275. Give c(-28).
9
Let x(y) = 2*y**3 + 30*y**2 - 54*y + 35. Calculate x(-16).
387
Let k(z) = -15*z**2 + 106*z + 197. Calculate k(8).
85
Let r(n) = -n**2 - 32*n + 186. Calculate r(8).
-134
Let b(w) = -4*w**3 - 57*w**2 + 46*w + 31. What is b(-15)?
16
Let x(l) = -130*l - 408. Determine x(-3).
-18
Let q(x) = 2*x**3 - 16*x**2 - 16*x - 34. Calculate q(9).
-16
Let u(i) = -i**2 - 60*i - 462. Give u(-22).
374
Let z(l) = 2*l**2 + 307*l - 621. Calculate z(2).
1
Let f(b) = -63*b - 1587. What is f(-38)?
807
Let p(x) = 177*x**2 - 4*x + 1. Give p(1).
174
Let w(g) = g**2 + 802*g + 6338. What is w(-8)